t are the prime factors of r?
2, 7, 79
Suppose -p - 11 = -5*a + 3*a, -5*p = -4*a + 37. Suppose -5*b = -2*v - 0*b + 191, -a*v + 4*b = -283. What are the prime factors of v?
3, 31
Let m be 12/7*49/7. Suppose -t - 3*t + m = 0. What are the prime factors of 47/2 - t/(-6)?
2, 3
Let s = 96 + -124. What are the prime factors of (8/s)/(1/(-469))?
2, 67
Let s(a) = -7*a - 39. Let w be s(-6). Suppose 179 = v - 4*d, -2*v + 5*d = w*v - 835. What are the prime factors of v?
163
Suppose -6*s = -4609 + 223. What are the prime factors of s?
17, 43
Suppose 6*g = 7*g - 1. What are the prime factors of -135*(28/(-20) + g)?
2, 3
Let c = -300 + 1942. What are the prime factors of c?
2, 821
List the prime factors of (9 + 104/(-12))*4671/3.
3, 173
Suppose 0 = 3*y - 6, 3*y - 7*y = -5*t + 1987. List the prime factors of t.
3, 7, 19
Suppose -p + 734 = 3*t, 2*p + 742 = 3*p - t. List the prime factors of p.
2, 5, 37
Suppose 0 = 6*b - 514 - 176. List the prime factors of b.
5, 23
Suppose 210 = -16*h + 16402. Suppose -5*w + 733 = -h. What are the prime factors of w?
349
Let o = 8 - 5. Suppose 2*a + 1 = -o. List the prime factors of 2/4 - 43/a.
2, 11
Let c be ((-4)/(-18)*1)/((-7)/(-63)). Suppose c*d - 41 = -h, -3*h = -7*h - 3*d + 139. What are the prime factors of h?
31
Let n(f) = -f**3 + 4*f**2 + 2*f. Let m be n(4). Let g = 69 - m. Suppose p - g = -16. What are the prime factors of p?
3, 5
Let a be 10/(-25)*(3 - -2). Let d be 5584/96 + a/12. Let g = 84 - d. List the prime factors of g.
2, 13
Suppose 3*s = -3, 5*s - 3005 = -3*j + 13022. List the prime factors of j.
2, 167
Let a(l) be the first derivative of -l**4/4 + l**3 + 11*l**2/2 - 104. Let c = -1 - -6. What are the prime factors of a(c)?
5
Let m(f) = 6*f**3 - 6*f**2 - 9*f + 1. Let q(l) = -l**3 - l**2 + l. Let a(k) = m(k) + q(k). Let c be a(6). What are the prime factors of c/55 - (-2)/(-10)?
2, 7
Let t(c) = -25*c + 20. Let u(p) = -p. Let o(k) = -t(k) + 4*u(k). List the prime factors of o(5).
5, 17
Let q(p) = -2 + p**3 + 2*p + 4*p + 0*p**2 - 5*p**2. Let a be 4/((-16)/(-28)) - 3. List the prime factors of q(a).
2, 3
Suppose 12 - 17 = 5*p. Let a = 93 - p. List the prime factors of a.
2, 47
Let p = -149 + 55. Let q = 104 + p. What are the prime factors of q?
2, 5
Let x be 2/9 - 8/36. Suppose -s + 18 + 28 = x. Suppose 2*w = -t - 2*t + s, -3*w - 50 = -4*t. List the prime factors of t.
2, 7
Let k(n) be the third derivative of 11*n**4/24 - 23*n**3/6 - 10*n**2. What are the prime factors of k(6)?
43
Let o(m) = 5*m + 198. What are the prime factors of o(33)?
3, 11
Suppose 2*s - 4*d = 164, 9*s - 338 = 5*s + 3*d. What are the prime factors of s?
2, 43
Let b = -258 - -106. Let g = -72 - b. What are the prime factors of g?
2, 5
Let j(y) = -y**3 + 4*y**2 - y - 3. Let x be j(3). Let f(v) = x + 2 - v**2 - 11*v**3 - 4. What are the prime factors of f(-1)?
11
Suppose -3*a + 39 = h, -3*a + 5*a - 36 = -4*h. Let w(r) = -r + 15. Let x be w(a). List the prime factors of 27 - x*(1 + 0).
2, 3
Let o be 3*((-5)/(-6) + (-1)/6). Suppose -i + 5*u = -34 - 157, 4*u = o*i - 382. List the prime factors of i.
191
Let h(u) be the third derivative of 5*u**4/24 - 13*u**3/6 - 6*u**2. What are the prime factors of h(3)?
2
Suppose 62764 - 8366 = 59*u. What are the prime factors of u?
2, 461
Let s = 15437 - 10139. List the prime factors of s.
2, 3, 883
Let f(j) = -j**2 - 8*j - 8. Let q be f(-6). Let l = -2 + q. Suppose l*v + 30 = 2*g, -4*v - 1 = 3. What are the prime factors of g?
2, 7
Suppose 3*r - 4*r + 2*w = -8, r + w - 2 = 0. Suppose -b + 266 = 5*h - 5*b, -r*b = h - 34. List the prime factors of h.
2, 5
Suppose -85*m + 8*m = -121968. What are the prime factors of m?
2, 3, 11
Suppose 4*d + 2 = 6. Let c(u) be the third derivative of u**6/20 - u**5/30 + u**3/6 + 6*u**2. What are the prime factors of c(d)?
5
What are the prime factors of (-4)/8 + -2307*2/(-12)?
2, 3
Let h be 0/((-3)/1 - -5). Suppose -x = 4*l - 14, -4*l = -h*l - 20. What are the prime factors of (-2)/x + 68/3?
23
List the prime factors of (11/(99/16542))/(2 + 0).
919
Suppose w - 4*t - 29 = 6*w, -5*t = -3*w - 47. Let p = w + 14. Suppose 4*b = -2*k + 3*k + 84, 0 = -p*b - 3*k + 122. What are the prime factors of b?
2, 11
Let m(f) = -f - 4. Let w be m(3). Let t(u) = -3*u + 5. Let b be t(w). Let j = 85 - b. What are the prime factors of j?
59
Suppose 0 = 3*v, 5*v = -g + 2*v + 1. Suppose -5 = -2*l + 4*k - g, -4*l + k = 6. Let n = l - -4. List the prime factors of n.
2
Let w = -3707 - -6163. List the prime factors of w.
2, 307
Let x = 4924 - 2841. What are the prime factors of x?
2083
Suppose 3*y + r + 36 + 48 = 0, 4*y - 4*r = -128. What are the prime factors of (22/22)/((-1)/y)?
29
Let c(f) be the second derivative of -f**5/20 + 2*f**4/3 - 5*f**3/6 + 11*f**2/2 + 13*f. What are the prime factors of c(7)?
5
What are the prime factors of (23 - 4 - 45)/(2/(-87))?
3, 13, 29
Let m = -3012 + 4632. What are the prime factors of m?
2, 3, 5
Suppose 5*u = -2*i + 22, 4*u - 13 = 2*u - 5*i. Let j be 477/6 + 2/u. Suppose -5*h + j = z, h + 0 = -4*z - 3. List the prime factors of h.
17
Let h be (-5)/((-50)/45)*2*-1. Let c(t) = 3*t**2 + 7*t + 21. List the prime factors of c(h).
3, 67
Suppose -1657 - 1427 = -5*b - 2*c, 0 = 3*b - 4*c - 1840. What are the prime factors of b?
2, 7, 11
Suppose 4*i + 4*x - 36 = 0, 5*i - 2*x = -4*x + 42. Suppose -2*f - i*a + 10*a = -212, -5*f + 4*a + 526 = 0. What are the prime factors of f?
2, 3, 17
Let m = 3353 + -1082. What are the prime factors of m?
3, 757
Let v = 92 - 23. Suppose m - i = v, -3*m + 197 = -0*m - i. What are the prime factors of m?
2
Suppose -11*y + 1815 = -836. Let b = -126 + y. What are the prime factors of b?
5, 23
Suppose 24*j = 380 + 28. Let v(r) = -r**2 - 1. Let p(s) = 3*s**2 + 16*s + 12. Let f(o) = -p(o) - 4*v(o). List the prime factors of f(j).
3
Suppose 0 = -9*k + 14*k - 245. Let v = k + 36. What are the prime factors of v?
5, 17
Let d be 5 + (-3 - 0 - -6). Suppose 0 = 4*f - 2*f + d. Let l(i) = i**3 + 5*i**2 + 4*i + 3. What are the prime factors of l(f)?
3
Let w(t) = -t - 1. Suppose -4*y - 29 = -9. Let u be w(y). Suppose j - u*j + 60 = 0. What are the prime factors of j?
2, 5
Suppose -69*f = -49*f - 880. What are the prime factors of f?
2, 11
Let p(b) = b**2 - 14*b - 16. Let a be p(16). Suppose -s + 5*s = a. List the prime factors of s.
2
Suppose 6855 + 1467 = 6*w. List the prime factors of w.
19, 73
Suppose -3*y + 3*g = -324, -3*g - g - 224 = -2*y. Suppose 2*d = -4*p + 3*p + y, 3*p = -3*d + 156. What are the prime factors of d?
2, 13
Let b be 2/5 - (-2964)/15. Suppose 0 = -5*i - i + b. What are the prime factors of i?
3, 11
Let i be -2*(-12)/(-8) - -2 - -4. Suppose -5*x = -i*x - 138. What are the prime factors of x?
3, 23
Let j be (7 + -1)*(3 - 30/12). Suppose -j*g = -51 - 144. List the prime factors of g.
5, 13
Let h(y) = -y**3 - 11*y**2 + 12*y + 3. Let o be h(-12). Let u = 7 - o. What are the prime factors of 2/4*2 + u?
5
Suppose 0*k + 152660 = 5*k. What are the prime factors of (-4)/26 + k/221?
2, 3, 23
Suppose -5090 - 1405 = -15*f. List the prime factors of f.
433
Let p(o) = 9 + 2*o + o**3 + 4 - o - 10*o**2 - 7*o. What are the prime factors of p(11)?
2, 17
Let x = -825 - -2771. What are the prime factors of x?
2, 7, 139
Let f(k) = -11*k - 10. Suppose -5*s + 5 = -3*u, 5 + 3 = -4*s. What are the prime factors of f(u)?
3, 5
Let w = 3 + -1. Let l(t) = 14*t**2 + 15*t + 2. Let u be l(-2). Suppose w + u = i. List the prime factors of i.
2, 3, 5
Suppose -3*w = -q - 2165, -1466 = -3*w + w - 5*q. What are the prime factors of w?
3, 241
Suppose 0*a = -a. Suppose -2*u + 15 - 1 = a. Suppose -f + 5 = -u. What are the prime factors of f?
2, 3
Let v be 5365/40 + 3/(-24). Suppose -6*r + 8*r - v = 0. What are the prime factors of r?
67
Let c = -593 + 1084. List the prime factors of c.
491
Let n = -912 - -1335. What are the prime factors of n?
3, 47
Let y(r) = -2*r + 6. Let c be y(-9). Suppose 0 = -3*d + w + 16, 2*d - 24 = -2*d + 2*w. Let a = c - d. What are the prime factors of a?
2, 5
Let j(t) = 13*t + 0*t + 0*t + 4. What are the prime factors of j(4)?
2, 7
Let x = 6 - 1. Suppose -5*r + 290 = -3*s, -2*r = -x*r + 2*s + 174. Let a = -22 + r. List the prime factors of a.
2, 3
Let h(o) = 19*o**3 - 5*o**2 + 5*o - 2. What are the prime factors of h(3)?
13, 37
List the prime fac